
4
Let g(k) = -23*k - 156. Let n be g(19). Let q = n + 2185. What is the units digit of q?
2
Suppose 12 + 184 = y. Suppose 0 = 4*h + 4, -5*h - 134 = b. Let j = y + b. What is the units digit of j?
7
Let f = -3645 - -6441. What is the thousands digit of f?
2
Let p(b) = 466*b**3 + 14*b**2 - 79*b + 309. What is the thousands digit of p(4)?
0
Suppose 2*k = 3*l + 11254 + 10651, k - 10970 = 5*l. Suppose -816 = -19*q + k. What is the hundreds digit of q?
6
Suppose -a + 4*a = -5*u + 45, -3*u + 27 = 2*a. Suppose 6*q + 810 = u*q. What is the units digit of q?
0
Let h(a) = 5*a**2 + 8*a - 2. Suppose -3*u - 5*u + 8 = 0. Suppose -2 = -c + u. What is the units digit of h(c)?
7
Suppose -4*b + g = -13, 3*b - g = 5 + 4. Suppose b*k - 2478 = -54. Suppose -24 = -5*r + k. What is the units digit of r?
6
Let w be (-6 - -1 - -8) + -18. Suppose 0 = 2*q + 3*t - 18, 3*q - 3*t - 36 = 6. What is the units digit of q/w - (-68)/10?
6
Let v(q) = -136*q**3 - 2*q**2 + 11*q + 77. What is the tens digit of v(-3)?
9
Suppose 0 = 3*u + 3*b - 24456, 0 = -u - 525*b + 520*b + 8164. What is the units digit of u?
9
Let a = -174 + 241. Suppose 0 = 21*u - 20*u - a. What is the tens digit of u?
6
Let o(a) = a**3 + 20*a**2 - 36. Let j be o(-20). Let d be (1 - -10) + 6/(j/(-6)). Suppose -d*r = -699 - 1389. What is the tens digit of r?
7
Let w(n) = 16*n + 152. Let o be w(-10). What is the hundreds digit of 140/o*8040/(-75)?
8
Suppose 3*d = k - 2*d - 18057, -4*d + 24 = 0. What is the units digit of k?
7
What is the hundreds digit of (-3 + -1)*(-119 - -130 - (-19151)/(-2))?
2
Suppose -5*u + 117 = -28. Let c(i) = 26 - 5*i - u + 12. What is the tens digit of c(-11)?
6
Let n be (-245)/(-1)*(6 - 8/2). Suppose -6*w + n = -w. What is the tens digit of 4/(-6)*(-4 - w)?
6
Let o be (((-8)/2)/(-8))/((-12)/24). What is the tens digit of 12/(-4) - 1105/o?
0
Let r = 8675 + 4776. What is the thousands digit of r?
3
Suppose -38*d + 116550 = -d. What is the units digit of 14/4*d/45?
5
Suppose 3*x - 5*p = 0, 0 = 5*x - 2*p - 23 + 4. Suppose -x*n + 1171 = -159. What is the tens digit of n?
6
Let g = 84 + -88. Let a be 4/((-1)/(2/g)). Suppose 2*v = -a*m + 100, 5*m - 5*v = 12 + 188. What is the tens digit of m?
4
Suppose -700777 = -94*o + 15409. What is the units digit of o?
9
Suppose 23*q + 109*q = 1376496. What is the tens digit of q?
2
Let a(f) = -4*f + 73. Let i(t) = -30*t - 161. Let g be i(-5). What is the tens digit of a(g)?
1
Let f = -3676 - -6927. What is the thousands digit of f?
3
Suppose -5*p + 0*p - 2*g + 213 = 0, -p = 5*g - 38. Let h = p + -50. What is the tens digit of (-2)/h + 4332/28?
5
What is the hundreds digit of (1683/(-11))/((-5)/165)?
0
Let l = -10176 - -16931. What is the thousands digit of l?
6
Suppose 0 = s + 2 - 51. Suppose -g - 86 = 2*m, -m - 1 - s = 4*g. Let d = m - -46. What is the units digit of d?
4
Let h be (-2)/6*1761 - (1 + 0). Let b = -223 - h. What is the hundreds digit of b?
3
Let z be 14*2/4*-2. Let j be (-244)/(-28) - 4/z. Suppose -j*q + q = -688. What is the tens digit of q?
8
Suppose -y + 55979 = 2*k, -1312*y + 1307*y - k + 279859 = 0. What is the units digit of y?
1
Let q(d) = 11*d**2 - 170*d + 94. What is the hundreds digit of q(-28)?
4
Let y(m) = 30*m - 86*m + 26*m + 2 + 29*m. Let g be y(-3). Suppose -810 = -g*r + 470. What is the hundreds digit of r?
2
Let u(f) = 6*f**3 - 2*f**2 + 2*f - 15. Let z = 137 + -133. What is the hundreds digit of u(z)?
3
Suppose 5*v - 936*m = -939*m + 77967, -5*m - 62307 = -4*v. What is the ten thousands digit of v?
1
Let t = 298 - -153. What is the tens digit of t?
5
Suppose 5*u - 47 + 17 = 0. Let s be (u + -9)/((-1)/35). Suppose -2*c + k + 66 - 24 = 0, s = 5*c + 3*k. What is the units digit of c?
1
Let c(r) = r**3 - 8*r**2 - r + 6. Let m be c(8). Let x be (-220)/(-30) - m/(-6). Suppose 1322 = x*f - 169. What is the units digit of f?
3
Let y = 351 + -300. Let u = y - -194. What is the tens digit of u?
4
Let k(t) = -t**2 + t + 2. Let o be k(0). Let d be 8/(-44) + o/11. Suppose d = -3*p + 95 + 19. What is the units digit of p?
8
Let i(v) be the third derivative of -v**6/30 + v**5/60 - v**4/8 + v**3/2 + 9*v**2. Let j be i(1). What is the tens digit of (19 + j)*(-14)/(-8)?
2
Suppose -4 = -2*v, -4*b - 5*v + 10*v + 482 = 0. Let h = 86 + b. What is the tens digit of h?
0
What is the thousands digit of (2 - -2) + 7363 + -89?
7
Let f(p) = 110*p**2 + 196*p + 11. What is the units digit of f(9)?
5
Let m be (568 + 24)/(4/14 - 0). Let g = m - 1247. What is the units digit of g?
5
Let q(v) = -2*v**3 - 9*v**2 - 18*v - 5. Let y(t) = -6*t - 22. Let u be y(-6). Suppose 2*m + r = -14, m = -5*r - u - 2. What is the tens digit of q(m)?
1
Let f = 2010 - 1406. Suppose 3*p - f = d, -7*d - 212 = -p - 4*d. What is the tens digit of p?
0
Suppose 126368 = 2*c - 4*v, c = -102*v + 107*v + 63172. What is the hundreds digit of c?
1
Suppose 6*i = -10856 + 21890. What is the tens digit of i?
3
Let p be 1 - 14/4*-2. Let a(t) be the third derivative of -t**6/120 + 11*t**5/60 - t**4/2 + 8*t**3/3 - 2*t**2 - t. What is the tens digit of a(p)?
1
Let t = -516 + 287. Let d = 343 + t. What is the hundreds digit of d?
1
Suppose 5*m - 396 = 3*j, j - 3*j = -m + 75. Let r = -155 + m. Let n = r - -248. What is the units digit of n?
4
Let s(c) be the first derivative of 2*c**2 + c + 3. Let y be s(1). Suppose 617 = y*o + 5*b + 217, 2*b = 4*o - 332. What is the tens digit of o?
8
Suppose 0 = 13*q - 18 - 21. Suppose 4*z + q = -5. Let r(c) = -10*c**3 + c**2 + 4. What is the units digit of r(z)?
8
Suppose -7*g = -16027 - 5078. Suppose -28*s = -43*s + g. What is the tens digit of s?
0
Let t(b) = -3*b**2 + 49*b. Suppose 5*m = 6*m - z - 11, 2*m + z - 37 = 0. Let h be t(m). Suppose -2*d = -h*d + 630. What is the units digit of d?
5
What is the units digit of 1418695/940 + 2/(-8)?
9
Suppose -5*b = -27 - 3. Let x be (-2)/((9/b)/(-3)). Suppose -3*l + 319 = 5*q, -x*l - 2*q = 2*q - 412. What is the tens digit of l?
9
Let s(u) = -1845*u**3 - 2*u**2 - 2*u - 1. Let p be s(-1). Suppose -25*o + 21*o = -p. Suppose -2*l - o = -7*l + 3*a, l + 3*a = 85. What is the tens digit of l?
9
Suppose -55 = 5*z + 160. Let x = -41 - z. What is the units digit of 0/(5 - x - 6) + 25?
5
What is the tens digit of (23 - 28 - 3) + 55639?
3
Suppose -105*m = 4253098 - 12898798. What is the thousands digit of m?
2
Suppose 17*k + k - 144 = 0. Suppose 3*x = -3*f + 39, 2*f - 36 = -3*x - k. Let u(c) = -c**3 + 11*c**2 + 11*c + 16. What is the hundreds digit of u(f)?
1
Suppose -2*n + 1 = -m, n + 9 = -5*m + 4. What is the tens digit of (-8639)/(-6) - m/6?
4
Suppose -60*f + 70*f - 17330 = 0. What is the thousands digit of f?
1
Let d(l) = 3859*l + 206. What is the tens digit of d(5)?
0
Let p be (-4)/(-10) - (-57)/95. Let y be p/(-2) - 0 - 24/48. What is the units digit of (125/3 + 1)/(y/(-3))?
8
Suppose -4*n + 5*m - 15250 = -0*m, -2*m - 3819 = n. What is the hundreds digit of -12*2/(-192) - n/8?
4
Suppose -3*v = -5*t - 2 - 8, -3*v + 2*t + 22 = 0. Let n(g) = 14*g + 88. Let p be n(-6). Let x = p + v. What is the units digit of x?
4
Suppose -151655 = 45*o - 424850. What is the hundreds digit of o?
0
What is the units digit of ((7 + 3)/(-30))/((-1)/50586)?
2
Let b(g) = -g**3 + 2*g. Let v be b(-5). Let m = -1490 + 1566. Let u = v - m. What is the units digit of u?
9
Suppose 107*v - 109*v - 5*i = -68613, 2*v + 2*i - 68604 = 0. What is the ten thousands digit of v?
3
Let z = 67048 + -41881. What is the units digit of z?
7
Let r be 26/221 - (-100617)/51. Let k = r + -470. What is the units digit of k?
3
Let w(x) = -5*x**2 + 8. Suppose -11 = -3*j - 4*t, 2 = 4*j + 5*t - 13. Let y(l) = -11*l**2 - l + 16. Let q(p) = j*w(p) - 3*y(p). What is the tens digit of q(3)?
7
What is the ten thousands digit of 5 - 15*(-139704)/120?
1
Let k = -437 + 433. Let c(g) = 53*g + 235. What is the units digit of c(k)?
3
Let n(p) = 18*p - 55. Let w be n(15). Suppose -3*q + 1785 = 5*h, 0 = -4*h - q - w + 1636. What is the hundreds digit of h?
3
What is the units digit of (6/8)/(-11 + 371595/33780)?
9
What is the tens digit of 108/18 + (468/30)/(6/4035)?
9
Let s(k) = 3*k - 38. Let n be s(12). What is the units digit of (n + -5 + 8)*249?
9
Suppose 0 = 3*y - 33 - 0. What is the thousands digit of y/((-33)/2) + 15235/15?
1
Suppose -2*r + 14644 = -5*m, -5*r + 49*m = 52*m - 3